{"id":277,"date":"2023-11-08T22:04:53","date_gmt":"2023-11-08T20:04:53","guid":{"rendered":"https:\/\/bergzone3.ch\/?page_id=277"},"modified":"2024-02-23T21:24:53","modified_gmt":"2024-02-23T19:24:53","slug":"hofladen","status":"publish","type":"page","link":"https:\/\/bergzone3.ch\/index.php\/hofladen\/","title":{"rendered":"Hofladen"},"content":{"rendered":"\n<p>Verbinden Sie Ihren Ausflug oder die Ferien in der sch\u00f6nen Bergwelt, mit einem Besuch in unserem Selbstbedienungs-Hofladen <\/p>\n\n\n\n<p>Zum Sortiment geh\u00f6ren Fleischprodukte wie Trockenfleisch, Trockenw\u00fcrste und tiefgek\u00fchltes Fleisch von unseren Tieren, Eier von Grosi&#8217;s H\u00fchnern, Alp- und Hobelk\u00e4se, Honig, Apfelsaft, D\u00f6rrobst. Saisonal haben wir auch Grillbratw\u00fcrste oder Raclettek\u00e4se im Angebot.<\/p>\n\n\n\n<p>Weiter finden Sie auch eine Auswahl an Originellen Geschenkideen.<\/p>\n\n\n\n<p> Ihren Einkauf k\u00f6nnen Sie mit Bargeld oder TWINT bezahlen.<\/p>\n\n\n\n<p>Standort: alte Adelbodenstrasse 13a, 3725 Achseten <\/p>\n\n\n\n<p><strong>\u00d6ffnungszeiten:  Montag &#8211; Sonntag 7:00 &#8211; 21:00 Uhr<\/strong> <\/p>\n\n\n\n<p> <\/p>\n\n\n\n<figure class=\"wp-block-image size-large\"><img loading=\"lazy\" decoding=\"async\" width=\"1024\" height=\"768\" src=\"https:\/\/bergzone3.ch\/wp-content\/uploads\/2023\/11\/IMG_2897-3-1024x768.jpg\" alt=\"\" class=\"wp-image-401\" srcset=\"https:\/\/bergzone3.ch\/wp-content\/uploads\/2023\/11\/IMG_2897-3-1024x768.jpg 1024w, https:\/\/bergzone3.ch\/wp-content\/uploads\/2023\/11\/IMG_2897-3-300x225.jpg 300w, https:\/\/bergzone3.ch\/wp-content\/uploads\/2023\/11\/IMG_2897-3-768x576.jpg 768w, https:\/\/bergzone3.ch\/wp-content\/uploads\/2023\/11\/IMG_2897-3-1536x1152.jpg 1536w, https:\/\/bergzone3.ch\/wp-content\/uploads\/2023\/11\/IMG_2897-3-2048x1536.jpg 2048w, https:\/\/bergzone3.ch\/wp-content\/uploads\/2023\/11\/IMG_2897-3-400x300.jpg 400w\" sizes=\"auto, (max-width: 1024px) 100vw, 1024px\" \/><\/figure>\n","protected":false},"excerpt":{"rendered":"<p>Verbinden Sie Ihren Ausflug oder die Ferien in der sch\u00f6nen Bergwelt, mit einem Besuch in unserem Selbstbedienungs-Hofladen Zum Sortiment geh\u00f6ren Fleischprodukte wie Trockenfleisch, Trockenw\u00fcrste und tiefgek\u00fchltes Fleisch von unseren Tieren, Eier von Grosi&#8217;s H\u00fchnern, Alp- und Hobelk\u00e4se, Honig, Apfelsaft, D\u00f6rrobst. Saisonal haben wir auch Grillbratw\u00fcrste oder Raclettek\u00e4se im Angebot. Weiter finden Sie auch eine Auswahl &#8230; <a title=\"Hofladen\" class=\"read-more\" href=\"https:\/\/bergzone3.ch\/index.php\/hofladen\/\" aria-label=\"Mehr Informationen \u00fcber Hofladen\">Weiterlesen<\/a><\/p>\n","protected":false},"author":1,"featured_media":0,"parent":0,"menu_order":0,"comment_status":"closed","ping_status":"closed","template":"","meta":{"footnotes":""},"class_list":["post-277","page","type-page","status-publish"],"_links":{"self":[{"href":"https:\/\/bergzone3.ch\/index.php\/wp-json\/wp\/v2\/pages\/277","targetHints":{"allow":["GET"]}}],"collection":[{"href":"https:\/\/bergzone3.ch\/index.php\/wp-json\/wp\/v2\/pages"}],"about":[{"href":"https:\/\/bergzone3.ch\/index.php\/wp-json\/wp\/v2\/types\/page"}],"author":[{"embeddable":true,"href":"https:\/\/bergzone3.ch\/index.php\/wp-json\/wp\/v2\/users\/1"}],"replies":[{"embeddable":true,"href":"https:\/\/bergzone3.ch\/index.php\/wp-json\/wp\/v2\/comments?post=277"}],"version-history":[{"count":7,"href":"https:\/\/bergzone3.ch\/index.php\/wp-json\/wp\/v2\/pages\/277\/revisions"}],"predecessor-version":[{"id":407,"href":"https:\/\/bergzone3.ch\/index.php\/wp-json\/wp\/v2\/pages\/277\/revisions\/407"}],"wp:attachment":[{"href":"https:\/\/bergzone3.ch\/index.php\/wp-json\/wp\/v2\/media?parent=277"}],"curies":[{"name":"wp","href":"https:\/\/api.w.org\/{rel}","templated":true}]}}